What is the greatest common factor of 150183606 and 17802?
5934
Calculate the greatest common divisor of 189 and 341939367.
189
Calculate the greatest common factor of 15330731 and 13.
13
Calculate the highest common divisor of 4405032 and 476134.
634
What is the greatest common divisor of 38143929 and 111?
111
Calculate the highest common factor of 5324049621 and 3663.
3663
Calculate the highest common factor of 376243 and 41713.
413
What is the highest common factor of 4091070 and 62805?
795
What is the greatest common divisor of 3770 and 40615640?
130
Calculate the greatest common divisor of 1152 and 27081792.
576
What is the highest common factor of 800 and 1804500?
100
What is the highest common factor of 98933 and 630211?
779
What is the highest common factor of 6808 and 16013896?
296
What is the greatest common divisor of 655561922 and 4794?
1598
Calculate the highest common divisor of 6003894 and 1599.
39
Calculate the greatest common divisor of 13867278 and 145.
29
What is the highest common divisor of 9711376 and 592?
16
Calculate the greatest common divisor of 699 and 16720080.
699
What is the highest common divisor of 13 and 533438?
1
Calculate the greatest common divisor of 6681 and 103173.
51
Calculate the highest common factor of 513336 and 2564344.
584
What is the highest common factor of 1106528 and 15704?
1208
What is the highest common divisor of 16544 and 55264?
352
Calculate the highest common factor of 42 and 128255376.
6
What is the highest common divisor of 1507985 and 507935?
565
What is the highest common divisor of 8209704 and 264?
24
What is the greatest common factor of 264944 and 3364?
116
Calculate the greatest common divisor of 820249506 and 1593.
531
What is the greatest common factor of 977 and 56708988?
977
Calculate the highest common divisor of 91 and 10595200.
7
What is the highest common divisor of 59 and 630570347?
59
What is the highest common divisor of 6642581 and 352?
11
Calculate the greatest common factor of 14550 and 6454350.
150
What is the highest common factor of 15192 and 174036?
12
What is the highest common divisor of 3400 and 1738760?
680
Calculate the highest common factor of 1128110 and 2762125.
5815
What is the greatest common factor of 12 and 468297?
3
Calculate the greatest common factor of 1193615384 and 1469.
1469
Calculate the greatest common divisor of 262268311 and 2428.
607
What is the greatest common factor of 4425 and 158145075?
4425
Calculate the greatest common divisor of 370 and 668721905.
185
What is the greatest common divisor of 9339150 and 920?
230
What is the highest common divisor of 52975160 and 274?
274
What is the greatest common divisor of 203592015 and 17061?
1551
Calculate the highest common divisor of 2419 and 28255.
1
Calculate the greatest common divisor of 463320 and 102630.
330
What is the greatest common factor of 17593078 and 5284?
2642
Calculate the highest common factor of 2625 and 10495625.
875
What is the greatest common factor of 2240379 and 40675?
1627
Calculate the greatest common divisor of 115892307 and 9.
9
Calculate the greatest common factor of 5828 and 11083399.
1457
Calculate the greatest common divisor of 245 and 180859.
49
Calculate the highest common divisor of 70 and 357534835.
35
What is the highest common divisor of 1681 and 10551637?
1681
Calculate the greatest common factor of 13075774 and 38680.
1934
What is the greatest common factor of 1334 and 32370409?
29
What is the highest common factor of 1780 and 88240?
20
What is the greatest common factor of 622 and 2363353066?
622
Calculate the highest common factor of 129712 and 249776.
1072
What is the highest common divisor of 16626405 and 15?
15
What is the greatest common factor of 78390 and 33835?
335
Calculate the highest common factor of 99884097 and 1644.
411
What is the greatest common factor of 337134 and 9338?
322
Calculate the highest common factor of 67000 and 40066.
134
What is the greatest common divisor of 7300 and 319385950?
3650
Calculate the highest common factor of 5019204 and 876.
12
What is the highest common factor of 25382 and 24124?
74
Calculate the highest common factor of 170 and 134660.
10
Calculate the highest common factor of 628024560 and 1527.
1527
Calculate the highest common divisor of 2744064 and 88320.
768
Calculate the greatest common divisor of 5 and 334694.
1
What is the greatest common divisor of 651947420 and 98460?
10940
What is the greatest common factor of 147489 and 22601?
233
What is the highest common divisor of 6534768 and 63699?
3747
Calculate the highest common factor of 120602 and 1306882.
94
Calculate the highest common factor of 102859656 and 1416.
1416
Calculate the highest common divisor of 1491162 and 1302.
186
What is the greatest common factor of 63 and 317359?
7
What is the greatest common factor of 922 and 478037177?
461
Calculate the highest common factor of 6502 and 237323.
3251
What is the highest common divisor of 1853039 and 106?
53
Calculate the greatest common factor of 43000328 and 224.
56
What is the greatest common factor of 32656785 and 1470?
735
What is the greatest common divisor of 1116960 and 1799720?
520
What is the greatest common divisor of 2716454832 and 624?
624
Calculate the highest common factor of 1375161 and 36782.
347
Calculate the highest common divisor of 658452 and 2879986.
2966
What is the highest common factor of 20543770 and 2795?
65
What is the highest common factor of 783 and 5945899?
29
What is the highest common factor of 63725 and 4751336?
2549
What is the highest common factor of 1239 and 31731675?
177
What is the greatest common factor of 160551045 and 19?
19
Calculate the highest common factor of 25168 and 216149076.
6292
What is the greatest common factor of 206199 and 417?
3
Calculate the greatest common factor of 20 and 7338470.
10
What is the greatest common divisor of 2670702 and 431880?
366
What is the highest common divisor of 3645498 and 138?
6
Calculate the highest common factor of 283498 and 16.
2
Calculate the greatest common factor of 6357 and 9483666.
489
What is the highest common divisor of 310070145 and 21?
21
What is the greatest common divisor of 325580502 and 276?
138
Calculate the greatest common divisor of 31040 and 302560.
160
Calculate the greatest common factor of 5550682 and 92460.
3082
What is the highest common factor of 75648 and 9685308?
2364
What is the greatest common divisor of 9119 and 61853?
11
Calculate the greatest common divisor of 16416 and 942704.
304
What is the greatest common factor of 3882 and 401674422?
3882
What is the highest common divisor of 2546 and 2899514?
38
What is the greatest common factor of 412936 and 108?
4
Calculate the greatest common factor of 84 and 5659794.
42
Calculate the highest common factor of 4144364 and 70.
14
What is the highest common divisor of 5320 and 642390?
1330
What is the greatest common divisor of 2828 and 12472068?
28
Calculate the highest common divisor of 244 and 172700455.
61
What is the highest common divisor of 88704 and 631296?
1152
Calculate the greatest common factor of 4827332 and 4658.
274
What is the greatest common factor of 218383792 and 352?
176
What is the greatest common factor of 200 and 258046160?
40
What is the highest common factor of 46 and 9166075?
23
What is the greatest common divisor of 1558349 and 845?
169
Calculate the greatest common factor of 3062556 and 15372.
252
What is the highest common divisor of 15150468 and 65688?
4692
Calculate the highest common divisor of 188 and 850467444.
188
Calculate the greatest common divisor of 1562396 and 220.
44
Calculate the highest common divisor of 32 and 70172768.
32
What is the highest common divisor of 138327228 and 468?
468
What is the greatest common factor of 4028 and 629652932?
4028
What is the greatest common factor of 901 and 79129?
53
What is the greatest common factor of 1551 and 703731?
141
What is the greatest common factor of 7370 and 2504594?
134
Calculate the greatest common factor of 652 and 14287765.
163
What is the highest common factor of 400160 and 1085270?
410
Calculate the highest common divisor of 8269818 and 2826.
942
Calculate the greatest common divisor of 82972 and 7052.
4
What is the highest common divisor of 1